{"id":10,"date":"2020-03-18T14:04:44","date_gmt":"2020-03-18T13:04:44","guid":{"rendered":"http:\/\/162.38.181.84\/?page_id=10"},"modified":"2024-04-26T10:57:45","modified_gmt":"2024-04-26T08:57:45","slug":"people","status":"publish","type":"page","link":"https:\/\/demeter-erc.cnrs.fr\/index.php\/people\/","title":{"rendered":"People"},"content":{"rendered":"\n<p>People involved in the Demeter project work from France, Spain and Switzerland and have complementary skills including archaeozoology, archaeobotany, evolutionary biology, morphometric, climat modeling, GIS, and much more&#8230;find out below.<\/p>\n\n\n\n<p>The DEMETER project is managed by the CNRS (Centre National de la Recherche Scientifique) and hosted by the University of Montpellier. The project is based at the <a href=\"https:\/\/isem-evolution.fr\/\" data-type=\"link\" data-id=\"https:\/\/isem-evolution.fr\/\"><mark style=\"background-color:rgba(0, 0, 0, 0)\" class=\"has-inline-color has-sky-blue-color\">Institut for Evolutionary Sciences-Montpellier (ISEM).<\/mark><\/a><\/p>\n\n\n\n<figure class=\"wp-block-image size-full\"><a href=\"https:\/\/isem-evolution.fr\/\"><img loading=\"lazy\" decoding=\"async\" width=\"434\" height=\"116\" src=\"https:\/\/demeter-erc.cnrs.fr\/wp-content\/uploads\/2023\/11\/LOGO_ISEM.png\" alt=\"\" class=\"wp-image-278\"\/><\/a><\/figure>\n\n\n\n<div class=\"wp-block-group is-nowrap is-layout-flex wp-container-core-group-is-layout-6c531013 wp-block-group-is-layout-flex\">\n<div class=\"wp-block-group is-layout-constrained wp-block-group-is-layout-constrained\">\n<div class=\"wp-block-columns is-layout-flex wp-container-core-columns-is-layout-28f84493 wp-block-columns-is-layout-flex\">\n<div class=\"wp-block-column is-layout-flow wp-block-column-is-layout-flow\" style=\"flex-basis:100%\">\n<div class=\"wp-block-group alignwide is-nowrap is-layout-flex wp-container-core-group-is-layout-6c531013 wp-block-group-is-layout-flex\">\n<div class=\"wp-block-columns are-vertically-aligned-center is-layout-flex wp-container-core-columns-is-layout-28f84493 wp-block-columns-is-layout-flex\">\n<div class=\"wp-block-column is-layout-flow wp-block-column-is-layout-flow\" style=\"flex-basis:100%\">\n<div class=\"wp-block-media-text has-media-on-the-right is-stacked-on-mobile is-style-rounded\" style=\"grid-template-columns:auto 30%\"><div class=\"wp-block-media-text__content\">\n<p><strong>Allowen Evin<\/strong>  is a bioarchaeologist working for the CNRS at the Institut des Sciences de l&rsquo;Evolution-Montpellier (ISEM), France. Her work is at the crossroads between evolutionary biology and archaeology. She is particularly interested in the evolution of the relationship between human societies and domestic plants and animals. She apprehends the impact of humans on domestic species with the help of fine morphometric tools (geometric morphometrics) that allow the analysis of large number of archaeological remains (teeth, bones, seeds).<\/p>\n<\/div><figure class=\"wp-block-media-text__media\"><img loading=\"lazy\" decoding=\"async\" width=\"1820\" height=\"1856\" src=\"https:\/\/demeter-erc.cnrs.fr\/wp-content\/uploads\/2020\/09\/Allowen-photo-liste-2014.jpg\" alt=\"\" class=\"wp-image-142 size-full\"\/><\/figure><\/div>\n<\/div>\n<\/div>\n<\/div>\n<\/div>\n<\/div>\n<\/div>\n<\/div>\n\n\n\n<p><\/p>\n\n\n\n<div class=\"wp-block-group is-nowrap is-layout-flex wp-container-core-group-is-layout-6c531013 wp-block-group-is-layout-flex\">\n<div class=\"wp-block-columns is-layout-flex wp-container-core-columns-is-layout-28f84493 wp-block-columns-is-layout-flex\">\n<div class=\"wp-block-column is-layout-flow wp-block-column-is-layout-flow\" style=\"flex-basis:100%\">\n<div class=\"wp-block-group alignwide is-nowrap is-layout-flex wp-container-core-group-is-layout-6c531013 wp-block-group-is-layout-flex\">\n<div class=\"wp-block-columns are-vertically-aligned-center is-layout-flex wp-container-core-columns-is-layout-28f84493 wp-block-columns-is-layout-flex\">\n<div class=\"wp-block-column is-layout-flow wp-block-column-is-layout-flow\" style=\"flex-basis:100%\">\n<div class=\"wp-block-media-text is-stacked-on-mobile is-style-rounded\" style=\"grid-template-columns:30% auto\"><figure class=\"wp-block-media-text__media\"><img loading=\"lazy\" decoding=\"async\" width=\"202\" height=\"250\" src=\"https:\/\/demeter-erc.cnrs.fr\/wp-content\/uploads\/2020\/09\/LaurentB_picture.jpg\" alt=\"\" class=\"wp-image-89 size-full\"\/><\/figure><div class=\"wp-block-media-text__content\">\n<p><strong>Laurent Bouby<\/strong> is an archaeobotanist working for the CNRS at ISEM. He is the PI of the Viniculture project.<\/p>\n<\/div><\/div>\n<\/div>\n<\/div>\n<\/div>\n<\/div>\n<\/div>\n<\/div>\n\n\n\n<p><\/p>\n\n\n\n<div class=\"wp-block-columns is-layout-flex wp-container-core-columns-is-layout-28f84493 wp-block-columns-is-layout-flex\">\n<div class=\"wp-block-column is-layout-flow wp-block-column-is-layout-flow\" style=\"flex-basis:100%\">\n<div class=\"wp-block-group is-layout-constrained wp-block-group-is-layout-constrained\">\n<section class=\"wp-block-group is-nowrap is-layout-flex wp-container-core-group-is-layout-6c531013 wp-block-group-is-layout-flex\">\n<div class=\"wp-block-columns is-layout-flex wp-container-core-columns-is-layout-28f84493 wp-block-columns-is-layout-flex\">\n<div class=\"wp-block-column is-layout-flow wp-block-column-is-layout-flow\" style=\"flex-basis:100%\">\n<div class=\"wp-block-group alignwide is-nowrap is-layout-flex wp-container-core-group-is-layout-6c531013 wp-block-group-is-layout-flex\">\n<div class=\"wp-block-columns are-vertically-aligned-center is-layout-flex wp-container-core-columns-is-layout-28f84493 wp-block-columns-is-layout-flex\">\n<div class=\"wp-block-column is-layout-flow wp-block-column-is-layout-flow\" style=\"flex-basis:100%\">\n<div class=\"wp-block-media-text has-media-on-the-right is-stacked-on-mobile sp-position-sticky is-style-rounded\" style=\"grid-template-columns:auto 30%\"><div class=\"wp-block-media-text__content\">\n<p><strong>Jerome Ros<\/strong> is an archaeobotanist working for the CNRS at the Institut des Sciences de l\u2019Evolution-Montpellier (ISEM), France. His research \u2013 Agriculture and land-uses in western Mediterranean (France, Spain, Morocco) from the Antiquity to the Middle Ages (2nd c. BC &#8211; 16th c. AD) \u2013 aims to document the evolution and dynamics of Mediterranean agriculture, in relation with social, economic and climatic changes during historic periods. His work is based on different archaeobotanical approaches: study of seed and charcoal remains, geometric morphometrics and quantitative ecoanatomy.<\/p>\n<\/div><figure class=\"wp-block-media-text__media\"><img loading=\"lazy\" decoding=\"async\" width=\"512\" height=\"512\" src=\"https:\/\/demeter-erc.cnrs.fr\/wp-content\/uploads\/2020\/09\/Ros-picture-1.jpg\" alt=\"\" class=\"wp-image-91 size-full\"\/><\/figure><\/div>\n<\/div>\n<\/div>\n<\/div>\n<\/div>\n<\/div>\n<\/section>\n<\/div>\n<\/div>\n<\/div>\n\n\n\n<div class=\"wp-block-group alignwide is-layout-flow wp-block-group-is-layout-flow\">\n<div class=\"wp-block-media-text alignwide is-style-rounded\" style=\"grid-template-columns:20% auto\"><figure class=\"wp-block-media-text__media\"><img loading=\"lazy\" decoding=\"async\" width=\"480\" height=\"640\" src=\"https:\/\/demeter-erc.cnrs.fr\/wp-content\/uploads\/2020\/10\/Sarah-Ivorra_APUMs.jpg\" alt=\"\" class=\"wp-image-175 size-full\"\/><\/figure><div class=\"wp-block-media-text__content\">\n<p class=\"has-normal-font-size\"><strong>Sarah Ivorra<\/strong> research is based on morphometric analyses on plant material to understand the history of the domestication of cultivated plants.<\/p>\n<\/div><\/div>\n\n\n\n<div class=\"wp-block-media-text alignwide has-media-on-the-right is-style-rounded\" style=\"grid-template-columns:auto 20%\"><div class=\"wp-block-media-text__content\">\n<p class=\"has-text-align-right\"><strong><strong>Ang\u00e8le Jeanty <\/strong><\/strong>was a PhD student (2020-2023) working for the CNRS at the Institut des Sciences de l\u2019Evolution-Montpellier (ISEM), France. Through an internship studying Eurasian dynamics of <em>Vitis<\/em> pollen during the last 12,000 years, she develops a deep interest in the evolution of agriculture in the Mediterranean basin during the Neolithic period. Her work is at the crossroads between biology, ecology and archaeology. She is now interested in the evolution of the interactions between human societies and domestic plants, mainly on <em>Barley<\/em>.<\/p>\n<\/div><figure class=\"wp-block-media-text__media\"><img loading=\"lazy\" decoding=\"async\" width=\"2320\" height=\"3088\" src=\"https:\/\/demeter-erc.cnrs.fr\/wp-content\/uploads\/2020\/10\/Ange\u0300le-photo_site_ERC.jpg\" alt=\"\" class=\"wp-image-182 size-full\"\/><\/figure><\/div>\n\n\n\n<div class=\"wp-block-media-text alignwide is-style-rounded\" style=\"grid-template-columns:20% auto\"><figure class=\"wp-block-media-text__media\"><img loading=\"lazy\" decoding=\"async\" width=\"376\" height=\"337\" src=\"https:\/\/demeter-erc.cnrs.fr\/wp-content\/uploads\/2021\/03\/Marine-cropped.png\" alt=\"\" class=\"wp-image-195 size-full\"\/><\/figure><div class=\"wp-block-media-text__content\">\n<p class=\"has-normal-font-size\"><strong>Marine Jeanjean<\/strong> was a PhD student (2020-2023) then a post-doc in the project (2023-2025). She is working on geometric morphometrics data of sheep, goat and pig. She is studying both modern and archaeological specimens.<\/p>\n<\/div><\/div>\n\n\n\n<div class=\"wp-block-media-text alignwide has-media-on-the-right is-style-rounded\" style=\"grid-template-columns:auto 20%\"><div class=\"wp-block-media-text__content\">\n<p class=\"has-text-align-right\"><strong><strong>Cyprien Mureau <\/strong><\/strong>is an archaeozoologist. Cyprien was a Research Ingenior (2021-2022), and is now a Post-Doc (2022-2025) in the project. He is specialised on the history of the relationships between human societies and animals in occidental mediterranean Europe. He is especially interested in the dynamics of exploitation of wild and domestic animal ressources during Antiquity and the Middle Ages. <\/p>\n<\/div><figure class=\"wp-block-media-text__media\"><img loading=\"lazy\" decoding=\"async\" width=\"425\" height=\"426\" src=\"https:\/\/demeter-erc.cnrs.fr\/wp-content\/uploads\/2021\/04\/Cyprien-photo.png\" alt=\"\" class=\"wp-image-218 size-full\"\/><\/figure><\/div>\n\n\n\n<div class=\"wp-block-media-text alignwide is-style-rounded\" style=\"grid-template-columns:20% auto\"><figure class=\"wp-block-media-text__media\"><img loading=\"lazy\" decoding=\"async\" width=\"306\" height=\"313\" src=\"https:\/\/demeter-erc.cnrs.fr\/wp-content\/uploads\/2022\/03\/Celia_photo-portrait_cadre.png\" alt=\"\" class=\"wp-image-224 size-full\"\/><\/figure><div class=\"wp-block-media-text__content\">\n<p class=\"has-normal-font-size\"><strong>C\u00e9lia Lecomte <\/strong>was a technicien in charge of taking picture of barley grains for geometric morphometrics, and help during data acquisition in archaeozoological collections.<\/p>\n<\/div><\/div>\n\n\n\n<div class=\"wp-block-media-text alignwide has-media-on-the-right is-style-rounded\" style=\"grid-template-columns:auto 20%\"><div class=\"wp-block-media-text__content\">\n<p class=\"has-text-align-right\"><strong><strong>Ademine Hemelsda\u00ebl <\/strong><\/strong>is an ingenior in charge of the acquisition and analysis of morphometric data. She is generating 3D models using photogrammetry and micro CTscan data, and acquiring and analysing geometric morphometric data in 2D and 3D for different parts of the project. She is also in charge of working on carpological datasets.<\/p>\n<\/div><figure class=\"wp-block-media-text__media\"><img loading=\"lazy\" decoding=\"async\" width=\"360\" height=\"380\" src=\"https:\/\/demeter-erc.cnrs.fr\/wp-content\/uploads\/2024\/04\/HEMELSDAEL_Adeline_ID-ql28ycjvyqdade179uymvsrp6wn3e0az1ndt9e7umw.webp\" alt=\"\" class=\"wp-image-369 size-full\"\/><\/figure><\/div>\n\n\n\n<p><\/p>\n\n\n\n<div class=\"wp-block-media-text alignwide has-media-on-the-right is-style-rounded\" style=\"grid-template-columns:auto 20%\"><div class=\"wp-block-media-text__content\">\n<p class=\"has-text-align-right has-normal-font-size\"><strong>Jean-Fr\u00e9d\u00e9ric Terral<\/strong> research activities mainly focus on palaeo(anthropo)ecology, archaeobiology, historical biogeography, evolution and history of emblematic species from climatic, ecological, cultural and economic points of view by the use of quantitative anatomical and morphometric approaches. Model organisms are <em>Olea europaea<\/em> (olive), <em>Phoenix dactylifera<\/em> (date palm) and <em>Argania spinosa<\/em> (Argan tree) and, to a lesser extent, <em>Vitis vinifera<\/em> (grapevine).<\/p>\n<\/div><figure class=\"wp-block-media-text__media\"><img loading=\"lazy\" decoding=\"async\" width=\"1112\" height=\"1177\" src=\"https:\/\/demeter-erc.cnrs.fr\/wp-content\/uploads\/2020\/10\/Photo_JF-Terral.jpg\" alt=\"\" class=\"wp-image-176 size-full\"\/><\/figure><\/div>\n\n\n\n<div class=\"wp-block-media-text alignwide is-style-rounded\" style=\"grid-template-columns:20% auto\"><figure class=\"wp-block-media-text__media\"><img loading=\"lazy\" decoding=\"async\" width=\"350\" height=\"233\" src=\"https:\/\/demeter-erc.cnrs.fr\/wp-content\/uploads\/2020\/09\/maria_sana_350.jpg\" alt=\"\" class=\"wp-image-94 size-full\"\/><\/figure><div class=\"wp-block-media-text__content\">\n<p class=\"has-medium-font-size\"><strong>Maria Sa\u00f1a Segui<\/strong><\/p>\n\n\n\n<p><a href=\"https:\/\/grupsderecerca.uab.cat\/arquezoologia\/node\/85\" data-type=\"URL\" data-id=\"https:\/\/grupsderecerca.uab.cat\/arquezoologia\/node\/85\"><span class=\"has-inline-color has-vivid-cyan-blue-color\">Personnal site web<\/span><\/a><\/p>\n<\/div><\/div>\n\n\n\n<div class=\"wp-block-media-text alignwide has-media-on-the-right is-style-rounded\" style=\"grid-template-columns:auto 20%\"><div class=\"wp-block-media-text__content\">\n<p class=\"has-text-align-right has-normal-font-size\"><strong>Silvia Valenzuela-Lamas<\/strong>  is a zooarchaeologist specialised in Late Prehistory and Classical times. She combines &lsquo;traditional&rsquo; zooarchaeology \u2013 the analysis of faunal remains from archaeological sites \u2013 with isotopic chemistry to determine animals&rsquo; geographical origin and mobility patterns. She holds an ERC-StG (<a href=\"https:\/\/zoomwest11.wixsite.com\/zoomwest\"><span class=\"has-inline-color has-vivid-cyan-blue-color\">ZoomWest<\/span><\/a>) and is a permanent researcher at Consejo Superior de Investigaciones Cient\u00edficas in Barcelona (IMF- CSIC).<br><\/p>\n<\/div><figure class=\"wp-block-media-text__media\"><img loading=\"lazy\" decoding=\"async\" width=\"576\" height=\"799\" src=\"https:\/\/demeter-erc.cnrs.fr\/wp-content\/uploads\/2020\/03\/CaraSilvia2017_2.jpg\" alt=\"\" class=\"wp-image-41 size-full\"\/><\/figure><\/div>\n\n\n\n<div class=\"wp-block-media-text alignwide is-style-rounded\" style=\"grid-template-columns:20% auto\"><figure class=\"wp-block-media-text__media\"><img loading=\"lazy\" decoding=\"async\" width=\"1410\" height=\"1385\" src=\"https:\/\/demeter-erc.cnrs.fr\/wp-content\/uploads\/2020\/03\/Ferran-pict.jpg\" alt=\"\" class=\"wp-image-43 size-full\"\/><\/figure><div class=\"wp-block-media-text__content\">\n<p class=\"has-normal-font-size\"><strong>Ferran Antolin<\/strong> is an archaeobotanist working mainly on Neolithic sites from southern and central Europe. He is interested in agricultural practices and wild plant gathering in the past, particularly among early farming societies. He now holds an SNF Professorship with a project called <a href=\"https:\/\/agrichange.duw.unibas.ch\" data-type=\"URL\" data-id=\"https:\/\/agrichange.duw.unibas.ch\"><span class=\"has-inline-color has-vivid-cyan-blue-color\">AgriChange<\/span><\/a>.<\/p>\n\n\n\n<p class=\"has-normal-font-size\"><a href=\"https:\/\/duw.unibas.ch\/de\/ipna\/team\/antolin-ferran\/\"><span class=\"has-inline-color has-vivid-cyan-blue-color\">https:\/\/duw.unibas.ch\/de\/ipna\/team\/antolin-ferran\/<\/span><\/a><\/p>\n\n\n\n<p><\/p>\n\n\n\n<p><\/p>\n<\/div><\/div>\n\n\n\n<div class=\"wp-block-media-text alignwide has-media-on-the-right is-style-rounded\" style=\"grid-template-columns:auto 20%\"><div class=\"wp-block-media-text__content\">\n<p class=\"has-text-align-right has-normal-font-size\"><strong>Laure Paradis<\/strong> is an GIS ingeneer working for the CNRS at the Institut des Sciences de l\u2019Evolution-Montpellier (ISEM), France. Her work is based on diff\u00e9rent spatial approaches of geographical and thematical data, with the help of analysis and formatting of many data types (databases, GPS, aerial photography, remote sensing, webmapping&#8230;). <br><\/p>\n<\/div><figure class=\"wp-block-media-text__media\"><img loading=\"lazy\" decoding=\"async\" width=\"462\" height=\"707\" src=\"https:\/\/demeter-erc.cnrs.fr\/wp-content\/uploads\/2021\/04\/Laure-field-cut-small.png\" alt=\"\" class=\"wp-image-209 size-full\"\/><\/figure><\/div>\n<\/div>\n\n\n\n<p>Lionel Gourichon<\/p>\n\n\n\n<p><\/p>\n\n\n\n<p>Vianney Forest<\/p>\n\n\n\n<p><\/p>\n\n\n\n<p>Isabel Figueiral<\/p>\n\n\n\n<p><\/p>\n\n\n\n<p><\/p>\n\n\n\n<p>Isabelle Rodet-Belarbi<\/p>\n\n\n\n<p><\/p>\n\n\n\n<p>Odile Peyron<\/p>\n\n\n\n<p><\/p>\n\n\n\n<p>Julien Azuara<\/p>\n\n\n\n<div class=\"wp-block-media-text alignwide is-style-rounded\" style=\"grid-template-columns:20% auto\"><figure class=\"wp-block-media-text__media\"><img loading=\"lazy\" decoding=\"async\" width=\"170\" height=\"227\" src=\"https:\/\/demeter-erc.cnrs.fr\/wp-content\/uploads\/2021\/04\/photo-EB.jpg\" alt=\"\" class=\"wp-image-219 size-full\"\/><\/figure><div class=\"wp-block-media-text__content\">\n<p class=\"has-normal-font-size\"><strong>Emilie Blaise<\/strong> is an archaeozoolgist specialised in French Neolithic. She works at the lab \u00ab\u00a0Arch\u00e9ologie des Soci\u00e9t\u00e9s M\u00e9diterran\u00e9ennes\u00a0\u00bb laboratory in Montpelllier.<\/p>\n\n\n\n<p class=\"has-normal-font-size\"><\/p>\n\n\n\n<p><\/p>\n\n\n\n<p><\/p>\n<\/div><\/div>\n\n\n\n<p><\/p>\n\n\n\n<p><\/p>\n\n\n\n<p><\/p>\n\n\n\n<p class=\"has-huge-font-size\">Administrative support<\/p>\n\n\n\n<p>S\u00e9bastien Picard<\/p>\n\n\n\n<figure class=\"wp-block-image size-large is-resized is-style-rounded\"><img loading=\"lazy\" decoding=\"async\" width=\"2048\" height=\"1538\" src=\"https:\/\/demeter-erc.cnrs.fr\/wp-content\/uploads\/2021\/04\/Seb-Picard-IMG_0072.jpg\" alt=\"\" class=\"wp-image-217\" style=\"aspect-ratio:1;object-fit:cover;width:179px;height:auto\"\/><\/figure>\n\n\n\n<p>Marie Sanchez<\/p>\n\n\n","protected":false},"excerpt":{"rendered":"<p>People involved in the Demeter project work from France, Spain and Switzerland and have complementary skills including archaeozoology, archaeobotany, evolutionary biology, morphometric, climat modeling, GIS, and much more&#8230;find out below. The DEMETER project is managed by the CNRS (Centre National de la&#8230;<\/p>\n","protected":false},"author":2,"featured_media":0,"parent":0,"menu_order":0,"comment_status":"closed","ping_status":"closed","template":"","meta":{"footnotes":""},"class_list":["post-10","page","type-page","status-publish","hentry"],"_links":{"self":[{"href":"https:\/\/demeter-erc.cnrs.fr\/index.php\/wp-json\/wp\/v2\/pages\/10","targetHints":{"allow":["GET"]}}],"collection":[{"href":"https:\/\/demeter-erc.cnrs.fr\/index.php\/wp-json\/wp\/v2\/pages"}],"about":[{"href":"https:\/\/demeter-erc.cnrs.fr\/index.php\/wp-json\/wp\/v2\/types\/page"}],"author":[{"embeddable":true,"href":"https:\/\/demeter-erc.cnrs.fr\/index.php\/wp-json\/wp\/v2\/users\/2"}],"replies":[{"embeddable":true,"href":"https:\/\/demeter-erc.cnrs.fr\/index.php\/wp-json\/wp\/v2\/comments?post=10"}],"version-history":[{"count":118,"href":"https:\/\/demeter-erc.cnrs.fr\/index.php\/wp-json\/wp\/v2\/pages\/10\/revisions"}],"predecessor-version":[{"id":373,"href":"https:\/\/demeter-erc.cnrs.fr\/index.php\/wp-json\/wp\/v2\/pages\/10\/revisions\/373"}],"wp:attachment":[{"href":"https:\/\/demeter-erc.cnrs.fr\/index.php\/wp-json\/wp\/v2\/media?parent=10"}],"curies":[{"name":"wp","href":"https:\/\/api.w.org\/{rel}","templated":true}]}}